716447 composite?
False
Is 999135079 a composite number?
True
Is 7341090179 a prime number?
True
Is 108068101 composite?
True
Is 389186607 a composite number?
True
Is 387933179 prime?
True
Is 726151553 a prime number?
True
Is 940924141 a composite number?
True
Is 333034921 a composite number?
False
Is 4574142751 composite?
True
Is 2330471747 prime?
True
Is 50436939811 a composite number?
False
Is 103042987 a prime number?
True
Is 3396369607 composite?
False
Is 7122685769 a prime number?
False
Is 1802282579 composite?
False
Is 1568356657 prime?
False
Is 6327389 a prime number?
True
Is 14043438709 prime?
True
Is 18482803921 composite?
True
Is 5629706185 composite?
True
Is 2193580847 a prime number?
True
Is 408421691 prime?
False
Is 19764884741 prime?
False
Is 25671486613 composite?
False
Is 1147075477 a prime number?
True
Is 337177 a composite number?
True
Is 24551947391 a composite number?
False
Is 22008032819 a prime number?
False
Is 87853625053 a prime number?
False
Is 13120391507 a composite number?
False
Is 15792869731 a prime number?
True
Is 205609769 a prime number?
True
Is 2540883727 a composite number?
False
Is 38860234151 a composite number?
True
Is 1893151483 a composite number?
False
Is 6912287563 prime?
True
Is 955106617 a prime number?
True
Is 12372738491 a composite number?
False
Is 8969219 a prime number?
False
Is 3824811791 a composite number?
False
Is 8791456277 composite?
False
Is 9973972441 a prime number?
False
Is 234065941 prime?
True
Is 1620915431 composite?
True
Is 43687837 a prime number?
False
Is 14547890407 composite?
False
Is 920351063 prime?
True
Is 31029048229 a prime number?
True
Is 3251073587 prime?
False
Is 37298003 prime?
True
Is 1723104769 composite?
False
Is 19952593 prime?
False
Is 49255403 a prime number?
False
Is 67980053 prime?
False
Is 439755443 prime?
False
Is 23636798981 a composite number?
False
Is 60445785487 composite?
True
Is 3288091097 a composite number?
False
Is 20380530383 prime?
True
Is 3695758581 a prime number?
False
Is 12093109421 a composite number?
False
Is 1530040427 a prime number?
True
Is 66765133 a prime number?
False
Is 86616204877 a prime number?
True
Is 1436479277 a prime number?
False
Is 14000598587 a composite number?
False
Is 4452915491 a composite number?
False
Is 219033073607 a composite number?
True
Is 5514043201 prime?
False
Is 7088347739 a prime number?
False
Is 1090839059 composite?
True
Is 2504611495 prime?
False
Is 560692123 a composite number?
False
Is 835274129 composite?
False
Is 2361898813 prime?
True
Is 88681223 prime?
True
Is 12875185363 a prime number?
False
Is 6166505057 a composite number?
False
Is 5944499909 composite?
False
Is 28131921185 prime?
False
Is 8112896137 a prime number?
False
Is 900925703 composite?
False
Is 1041245591 composite?
False
Is 72460607801 composite?
False
Is 9747951193 a composite number?
False
Is 65373884495 composite?
True
Is 12786291911 a prime number?
True
Is 37591173199 prime?
True
Is 6551806951 a composite number?
False
Is 1453173079 composite?
False
Is 3056190023 a prime number?
False
Is 394609451 composite?
True
Is 75062023723 a composite number?
False
Is 607166941 a prime number?
False
Is 640704641 composite?
True
Is 27571008081 composite?
True
Is 8333123089 prime?
True
Is 4754049031 a prime number?
False
Is 15013347113 a prime number?
True
Is 5879448151 prime?
True
Is 10342228727 composite?
True
Is 4339109 a prime number?
False
Is 345126623 composite?
False
Is 1463995189 a prime number?
True
Is 154115632491 composite?
True
Is 61569670817 prime?
True
Is 2054224969 a composite number?
True
Is 4007329967 a composite number?
False
Is 19036472363 prime?
True
Is 16479091 prime?
True
Is 37811023 a composite number?
False
Is 229750669 a prime number?
True
Is 1534083341 a composite number?
True
Is 53394834371 prime?
True
Is 2182489951 composite?
True
Is 482376119 prime?
True
Is 1514012567 composite?
False
Is 677907343 prime?
True
Is 905150527 prime?
True
Is 598982333 a prime number?
False
Is 25591764227 a prime number?
True
Is 114803107323 a prime number?
False
Is 14203008371 composite?
False
Is 33988201829 a composite number?
False
Is 5858831939 composite?
False
Is 5929815677 prime?
False
Is 614358347 composite?
False
Is 92964305405 prime?
False
Is 343562570641 a prime number?
False
Is 77801891 prime?
True
Is 7525655351 a composite number?
True
Is 759750679 prime?
True
Is 1928750077 composite?
True
Is 21803674031 composite?
True
Is 1226539789 composite?
True
Is 4477993189 composite?
True
Is 81948277 composite?
False
Is 16236645749 prime?
True
Is 19147814591 prime?
False
Is 612990451 composite?
True
Is 54613322311 prime?
False
Is 5720033873 composite?
False
Is 9816053399 a composite number?
False
Is 4629603617 prime?
True
Is 1529708465 a composite number?
True
Is 789886763 a composite number?
False
Is 24360826319 prime?
True
Is 14642718139 prime?
False
Is 648242509 a prime number?
True
Is 10269711803 prime?
False
Is 1087621 a prime number?
True
Is 3749942519 prime?
True
Is 4601003227 a prime number?
True
Is 2137020569 prime?
True
Is 7418476955 a composite number?
True
Is 70650715301 a composite number?
True
Is 9586399217 prime?
False
Is 2474201017 prime?
False
Is 957965647 a composite number?
True
Is 250244591 composite?
True
Is 291343040363 a composite number?
False
Is 974041841 composite?
True
Is 210472069 composite?
True
Is 7177181267 composite?
True
Is 12577189081 composite?
False
Is 55457551 a composite number?
True
Is 2403438845 composite?
True
Is 11947227269 a composite number?
False
Is 95708199319 prime?
False
Is 15925155871 a composite number?
False
Is 38708348243 a composite number?
False
Is 353838115 a prime number?
False
Is 591674621 composite?
False
Is 127353449813 composite?
True
Is 3854640229 composite?
True
Is 558474447 prime?
False
Is 1260985777 a composite number?
False
Is 216805742823 composite?
True
Is 18539537798 prime?
False
Is 506794781 a prime number?
False
Is 2221710941 a prime number?
True
Is 9288625097 composite?
True
Is 194404229 a composite number?
False
Is 2016669605 composite?
True
Is 1547076073 prime?
True
Is 51216129579 prime?
False
Is 34077086759 prime?
True
Is 4347926551 a prime number?
True
Is 13227253147 a composite number?
True
Is 73066539361 composite?
True
Is 2638006609 prime?
False
Is 2315377171 a prime number?
True
Is 25056832973 prime?
False
Is 2053522651 prime?
True
Is 614840047 prime?
True
Is 1172881091 composite?
True
Is 76248307 composite?
True
Is 31854093253 a composite number?
False
Is 13994820253 prime?
False
Is 14429257351 a prime number?
True
Is 8690953549 composite?
False
Is 967395439 a composite number?
False
Is 28663786867 composite?
False
Is 9648525841 a prime number?
False
Is 783947642 composite?
True
Is 66066169999 prime?
True
Is 175251481 composite?
True
Is 1153098043 a prime number?
True
Is 16743926431 a composite number?
False
Is 5578043 composite?
False
Is 48566447 prime?
True
Is 51373921 a composite number?
False
Is 1730059831 composite?
False
Is 5150626841 a prime number?
True
Is 16213107139 a prime number?
True
Is 4914751409 prime?
True
Is 8496589481 a composite number?
True
Is 149097077 prime?
False
Is 723742193 a prime number?
True
Is 311847793 composite?
False
Is 38403379699 prime?
True
Is 86216853094 a composite number?
True
Is 1065429719 a prime number?
True
Is 155737092991 a prime number?
False
Is 986669213 prime?
False
Is 2875653023 a composite number?
True
Is 530066509 prime?
False
Is 105506810543 a prime number?
True
Is 9949836385 a prime number?
False
Is 291215987 prime?
True
Is 35106545893 a prime number?
True
Is 6330706471 composite?
True
Is 3813642629 a prime number?
True
Is 4283961811 composite?
True
Is 3064911041 composite?
False
Is 825951263 prime?
True
Is 404000596183 a composite number?
True
Is 471226543 a prime number?
False
Is 1109029699 prime?
True
Is 1279461343 prime?
True
Is 7927551245 a prime number?
False
Is 2590290149 a prime number?
False
Is 234932013353 prime?
True
Is 69057101747 a composite number?
False
Is 23672270207 prime?
False
Is 127536697 a prime number?
False
Is 58982179 composite?
False
Is 51941563 a composite number?
False
Is 768406907 composite?
False
Is 138987721493 a prime number?
False
Is 15232675439 a composite number?
False
I